 factors of w?
2, 127
Let n(f) = -9*f**3 + 2*f**2 + f + 11. Let p be ((-1)/4 - 15/(-12))*-37. Let j = p + 34. List the prime factors of n(j).
269
Let j = 13 - 17. Let w be (-5)/((-1)/(j/((-12)/141))). Suppose -11*l = w - 1302. What are the prime factors of l?
97
What are the prime factors of 346*232*(-2)/(-32)?
29, 173
Suppose -2*n - 178 = -4*n. Suppose -15*p = -254 + n. Suppose -p*h + 483 = -375. What are the prime factors of h?
2, 3, 13
Let k be (800/25)/((-4)/(-14)). Suppose k + 588 = 2*n. What are the prime factors of n?
2, 5, 7
Let i(p) = 44*p**2 + 36*p + 6. List the prime factors of i(-26).
2, 14407
Let s = -124 + 129. Suppose 4*j = 12, u + 0*j - 951 = s*j. What are the prime factors of u?
2, 3, 7, 23
Suppose 19048 = 2*q + 2*o, 0 = -42*o + 41*o + 2. List the prime factors of q.
2, 3, 23
What are the prime factors of (27397 - 125) + 2*-8?
2, 3407
Let a = 411 - 410. What are the prime factors of a/5 - 7384/(-5)?
7, 211
Let q be ((-6)/(-30))/(2/(-5))*62. Let v = -3 - q. Let u = 44 - v. What are the prime factors of u?
2
Let h be 1*690*(3 + (3 - 7)). Let x = h + 1023. What are the prime factors of x?
3, 37
Let g(t) = 299 - 145 + 302 + 161 - 101 + 33*t. What are the prime factors of g(36)?
2, 3, 71
Let b = 569 + -258. Suppose 0 = 3*m + 2*x - 479, -3*x + 6*x - b = -2*m. List the prime factors of m.
163
Suppose -186*j = 183*j - 4589991. What are the prime factors of j?
7, 1777
Suppose 0 = 8943*i - 8958*i + 975420. List the prime factors of i.
2, 3, 5419
Let l(r) be the second derivative of -2*r**3 - 16*r**2 + 228*r. What are the prime factors of l(-34)?
2, 47
What are the prime factors of (8*36/(-45))/((-2)/955)?
2, 191
Suppose -25 = -23*n + 136. What are the prime factors of n + -5 + (-2)/((-6)/2013)?
673
Let u be ((-1597)/(-7))/((-35)/(-245)). Suppose -6*k - 2*v + u = -3*k, -2134 = -4*k - 5*v. What are the prime factors of k?
3, 59
Let u = 6758 + -4184. Suppose u = 34*p - 8*p. List the prime factors of p.
3, 11
Let v(c) = 1065*c - 600. List the prime factors of v(21).
3, 5, 1451
Let a(o) = -4*o - 22. Let y be a(-7). Let k(z) = 3*z**2 - 6*z + 14. What are the prime factors of k(y)?
2, 43
Let u(l) = -l**2 - 7*l + 10. Let d be u(-8). Suppose 0 = -2*i + d*h + 14, 5*i - 3 = 3*h + 24. Suppose i*w + 3*w = 480. What are the prime factors of w?
2, 5
Let f(u) = 10*u + 433. Let a be f(-38). Suppose a*h - 46*h = 6125. List the prime factors of h.
5, 7
Let b = 6815 - 6463. List the prime factors of b.
2, 11
Suppose -403*z + 398*z + 135 = 0. What are the prime factors of ((-14931)/12)/(-3) - z/36?
2, 3, 23
What are the prime factors of (-9)/6*131394/15*(-5)/3?
61, 359
Let w(c) = -6*c + 3. Let i be w(1). Let b be 0 + 6 + i - -41. Let d = b + 21. What are the prime factors of d?
5, 13
Let z = 285 - 167. Let q = 391 - z. List the prime factors of q.
3, 7, 13
Let i(k) = 24*k**2 - 34*k + 278. What are the prime factors of i(15)?
2, 17, 19
Let j be 2/22 + 175953/33. Suppose -6*a + 7978 = -0*a - k, -4*k - j = -4*a. What are the prime factors of a?
3, 443
Suppose -3113154 = -36*l - 83*l + 20*l. List the prime factors of l.
2, 3, 1747
Let y be (-232)/6 - (-2)/(-6). Let i = y - -54. Suppose i*w = 10*w + 585. What are the prime factors of w?
3, 13
Suppose 2*w - 24516 = -5*m, -5*m + 12132 + 12394 = -3*w. List the prime factors of m.
2, 613
Let r(k) = 7*k**3 + 2*k**2 - k + 5. Let a = -197 - -199. What are the prime factors of r(a)?
67
List the prime factors of 12/(-10) + -32 + (-1244832)/(-160).
61, 127
Suppose 86057 = 76*l - 15631. What are the prime factors of l?
2, 3, 223
Suppose 5*f = -o + 62731, -82*o + 3 = -79*o. What are the prime factors of f?
2, 3, 17, 41
Let d = 21 + -118. Let b = 114 - 297. Let o = d - b. List the prime factors of o.
2, 43
Let q = -157 + 161. Suppose 1042 = 3*a + q*h, 733 = 3*a - a - 5*h. What are the prime factors of a?
2, 3, 59
Let g = -143 + 149. List the prime factors of g/(-8) + 1398/8.
2, 3, 29
Let k be ((-388)/12)/(-6 - 213/(-36)). Let m = -54 + k. What are the prime factors of m?
2, 167
Suppose 14*t - 5226 - 37544 = 31794. List the prime factors of t.
2, 2663
Let l(r) = 301*r - 546. What are the prime factors of l(18)?
2, 3, 7, 29
Suppose 7*x = 5*x - l + 25182, -x + 12592 = l. List the prime factors of x.
2, 5, 1259
Let w = 25756 + -14539. What are the prime factors of w?
3, 3739
Let z be 39 + -2 + (-9)/(18/(-8)). Let y(f) = f**3 - 39*f**2 - 64*f - 27. What are the prime factors of y(z)?
3, 79
Suppose -22*s + 2 + 42 = 0. Suppose 4968 = s*v + 7*v. What are the prime factors of v?
2, 3, 23
Let o(b) = 4*b**2 + 160*b - 2997. List the prime factors of o(57).
3, 6373
Let q be (-3)/((-43)/7 - -6). Suppose 0 = -k + q + 18. What are the prime factors of k?
3, 13
Let p = 107 + -107. Suppose -6*o - 5*o + 5841 = p. What are the prime factors of o?
3, 59
Suppose 2 = 7*w - 12. Suppose 10*s - 2040 = w*s. List the prime factors of s.
3, 5, 17
List the prime factors of (-51583)/((-154)/(-176)*-4).
2, 7369
Suppose 2*f - 162 = 2*m, -23 = 2*f - 25. Let j = m - -165. What are the prime factors of j?
5, 17
Let o = -25 + 31. Let y(r) = 3*r**2 + 31*r - 12. What are the prime factors of y(o)?
2, 3, 47
Let h(j) be the first derivative of j**4/12 - 7*j**3/6 + 10*j - 11. Let n(m) be the first derivative of h(m). What are the prime factors of n(9)?
2, 3
Let q be 387 - (9 + -6)*-3. Let h be (-1413)/(-5) - (-6)/15. Let c = q - h. What are the prime factors of c?
113
Let r(u) = 206*u + 67. Let s(t) = 25*t - 170. Let k be s(7). What are the prime factors of r(k)?
1097
Let y(c) = c**2 + 17*c - 23. Let l be 1*(5 - -3)/((-2)/6). Let b be y(l). Suppose 107 = b*m - 144*m. What are the prime factors of m?
107
What are the prime factors of (1 - (-1 + 1 - 0))/((-395)/(-6099985))?
15443
Suppose -l - 6 + 11 = 0. Suppose 5*o + 5*y - 835 = 0, -l*y + 168 = -5*o + 1013. What are the prime factors of 36/10*o/16*5?
3, 7
Let p(r) = r**3 + 4*r**2 - 8*r + 35. Let t be p(10). Suppose -585 = -5*o + t. List the prime factors of o.
2, 97
List the prime factors of (-4966)/(7/1 - (-40)/(-5)).
2, 13, 191
Let o(t) = t**3 + 20*t**2 - 16*t + 91. Let q be o(-21). Let p(z) = -20*z + 10 + 21*z - 13*z. List the prime factors of p(q).
2, 89
Let a = 2 - -10. Suppose -a*h = 22 + 50. List the prime factors of ((-116)/(-30)*18)/(h/(-20)).
2, 29
Let h = 29722 - 16368. What are the prime factors of h?
2, 11, 607
Let l(b) = -10*b + 6. Let h(p) be the first derivative of -3*p**2/2 + 7*p + 12. Let k be h(4). What are the prime factors of l(k)?
2, 7
Let c be -5 - -5 - (0 - -12). Let s be 66/15 - c/(-30). List the prime factors of -2*2/s*-3.
3
Suppose -5*b - 2*z - 609 = 0, b = 4*b - 4*z + 381. Let x = b + 425. What are the prime factors of x?
2, 151
Suppose 13*w = 7481 - 1176. Let z(a) = -7*a**3 + 2*a**2 + 6*a + 4. Let l be z(-4). Suppose -4*i - l = -5*d, d + 4*d = -i + w. What are the prime factors of d?
2, 3
Let g(j) = 19*j - 13. Suppose 4*a + a - 49 = -3*n, n = -a + 13. Let p be g(n). Suppose -d + p = 5*i - 5*d, 15 = i - 4*d. What are the prime factors of i?
31
Suppose -30*k = -25*k + 1740. Let t = 402 + k. What are the prime factors of t?
2, 3
Suppose -21407 - 92428 = -6*d + 71001. List the prime factors of d.
2, 73, 211
Let s = 2298 + -2305. Let u(w) = 5*w - 31. Let n(a) = -11*a + 63. Let p(g) = -3*n(g) - 7*u(g). List the prime factors of p(s).
2, 3, 7
Let b be (-3)/(6/(-16)) - (21 - 20). Let k(x) = 15*x**2 - 9*x + 38. List the prime factors of k(b).
2, 5, 71
Let f(c) = -7*c**3 - c - c**2 + 7*c**3 - 6*c**3 + 5*c**3 + 2. Let l be f(0). Suppose 5*i - l*x + 145 = 1153, 3*x = 5*i - 1012. What are the prime factors of i?
2, 5
Suppose 2*f = 12*y - 102758, 176*y = 174*y + 5*f + 17103. List the prime factors of y.
2, 2141
Suppose -4*j - 4*p + 35280 = 0, -2*j = 3*p - 18634 + 994. What are the prime factors of j?
2, 3, 5, 7
What are the prime factors of 8/(-20) - (-461684)/10?
2, 29, 199
Let o = 8429 - 3657. What are the prime factors of o?
2, 1193
Let a = 697 + -445. Let u = a - -709. What are the prime factors of u?
31
Suppose 3*g = -4*j + 66620, 3*j + 4*g + 2238 = 52210. Suppose -18*q + j = 5*q. What are the prime factors of q?
2, 181
Let d(f) = -10*f + 14. Suppose 3*n - 17 = -2*k, 0 = 4*n - k - 0*k - 30. Let h be d(n). Let l = -14 - h. What are the prime factors of l?
2, 3, 7
Let l = -28079 - -42587. List 